{"id":44,"date":"2019-06-11T07:45:10","date_gmt":"2019-06-11T07:45:10","guid":{"rendered":"http:\/\/vnoy.fi\/?page_id=44"},"modified":"2025-10-06T10:48:11","modified_gmt":"2025-10-06T10:48:11","slug":"palvelut","status":"publish","type":"page","link":"https:\/\/vnoy.fi\/?page_id=44","title":{"rendered":"Palvelut"},"content":{"rendered":"\n<ul class=\"wp-block-list\">\n<li>Kaikki maanrakennusty\u00f6t<\/li>\n\n\n\n<li>Kallioalueellamme on asfalttiaseman luvat<\/li>\n\n\n\n<li>J\u00e4teasfaltin ja maan vastaanotto<\/li>\n\n\n\n<li>Kaivinkoneen ty\u00f6t eri kokoisilla kaivinkoneilla 2:sta tonnista 30 tonniin<\/li>\n\n\n\n<li>Kalustoomme kuuluu my\u00f6s lavetti, jolla voimme tehd\u00e4 maanrakennuskoneiden yms. kuljetuksia<\/li>\n\n\n\n<li>Meilt\u00e4 voit noutaa maa-aineksia itse, tai tilata niit\u00e4 toimitettuna kohteeseen. Saat asiantuntevaa opastusta maa-ainesten k\u00e4yt\u00f6st\u00e4 ja toimittamisesta, olipa tarpeesi \u00e4mp\u00e4rillinen tai tuhansia tonneja.<\/li>\n<\/ul>\n","protected":false},"excerpt":{"rendered":"","protected":false},"author":1,"featured_media":0,"parent":0,"menu_order":3,"comment_status":"closed","ping_status":"closed","template":"","meta":{"_exactmetrics_skip_tracking":false,"_exactmetrics_sitenote_active":false,"_exactmetrics_sitenote_note":"","_exactmetrics_sitenote_category":0,"footnotes":""},"class_list":["post-44","page","type-page","status-publish","hentry","post-preview"],"_links":{"self":[{"href":"https:\/\/vnoy.fi\/index.php?rest_route=\/wp\/v2\/pages\/44","targetHints":{"allow":["GET"]}}],"collection":[{"href":"https:\/\/vnoy.fi\/index.php?rest_route=\/wp\/v2\/pages"}],"about":[{"href":"https:\/\/vnoy.fi\/index.php?rest_route=\/wp\/v2\/types\/page"}],"author":[{"embeddable":true,"href":"https:\/\/vnoy.fi\/index.php?rest_route=\/wp\/v2\/users\/1"}],"replies":[{"embeddable":true,"href":"https:\/\/vnoy.fi\/index.php?rest_route=%2Fwp%2Fv2%2Fcomments&post=44"}],"version-history":[{"count":2,"href":"https:\/\/vnoy.fi\/index.php?rest_route=\/wp\/v2\/pages\/44\/revisions"}],"predecessor-version":[{"id":128,"href":"https:\/\/vnoy.fi\/index.php?rest_route=\/wp\/v2\/pages\/44\/revisions\/128"}],"wp:attachment":[{"href":"https:\/\/vnoy.fi\/index.php?rest_route=%2Fwp%2Fv2%2Fmedia&parent=44"}],"curies":[{"name":"wp","href":"https:\/\/api.w.org\/{rel}","templated":true}]}}